ided by 3694538.
19
What is the remainder when 7818995 is divided by 484?
459
What is the remainder when 22372176 is divided by 1720935?
21
Calculate the remainder when 22247649 is divided by 26.
21
Calculate the remainder when 2633127 is divided by 36070.
17
Calculate the remainder when 13257 is divided by 467.
181
Calculate the remainder when 112507264 is divided by 259.
254
Calculate the remainder when 272664 is divided by 2525.
2489
What is the remainder when 92088980 is divided by 17?
14
What is the remainder when 502348 is divided by 13175?
1698
What is the remainder when 23837303 is divided by 293?
288
What is the remainder when 71517955 is divided by 4?
3
What is the remainder when 662326 is divided by 60208?
38
What is the remainder when 7079 is divided by 1122?
347
Calculate the remainder when 1114627 is divided by 370835.
2122
Calculate the remainder when 802231 is divided by 25.
6
Calculate the remainder when 3741755 is divided by 162685.
0
What is the remainder when 316258 is divided by 18168?
7402
Calculate the remainder when 60899326 is divided by 3072.
3070
What is the remainder when 19186104 is divided by 58?
52
Calculate the remainder when 9387407 is divided by 187748.
7
What is the remainder when 1481514 is divided by 665?
559
What is the remainder when 1915399 is divided by 276?
235
What is the remainder when 121106656 is divided by 628?
624
Calculate the remainder when 213166726 is divided by 37.
32
What is the remainder when 107036800 is divided by 3268?
3264
Calculate the remainder when 2121697 is divided by 641.
628
Calculate the remainder when 524711 is divided by 1478.
21
What is the remainder when 576966474 is divided by 1075?
1074
Calculate the remainder when 561618 is divided by 93142.
2766
What is the remainder when 9525970 is divided by 68?
54
Calculate the remainder when 68840586 is divided by 22519.
3
Calculate the remainder when 44498 is divided by 36309.
8189
Calculate the remainder when 237787 is divided by 236799.
988
Calculate the remainder when 7989030 is divided by 499314.
6
What is the remainder when 134816 is divided by 400?
16
What is the remainder when 2202229 is divided by 44942?
71
Calculate the remainder when 255090 is divided by 5722.
3322
What is the remainder when 10348825 is divided by 37?
36
What is the remainder when 358267 is divided by 1765?
1737
What is the remainder when 530310 is divided by 88344?
246
What is the remainder when 1062548 is divided by 1062464?
84
What is the remainder when 1445269 is divided by 1583?
1573
What is the remainder when 15842221 is divided by 298909?
44
Calculate the remainder when 48551 is divided by 3770.
3311
Calculate the remainder when 958258 is divided by 64.
50
Calculate the remainder when 515008 is divided by 51346.
1548
What is the remainder when 33309 is divided by 10879?
672
Calculate the remainder when 32248747 is divided by 460.
447
Calculate the remainder when 179089 is divided by 59535.
484
Calculate the remainder when 25356292 is divided by 27.
25
Calculate the remainder when 36467463 is divided by 4818.
21
Calculate the remainder when 3478131 is divided by 869468.
259
What is the remainder when 121970797 is divided by 3175?
3172
Calculate the remainder when 36624 is divided by 36345.
279
What is the remainder when 2761953 is divided by 6249?
6144
Calculate the remainder when 93839 is divided by 1858.
939
What is the remainder when 578933707 is divided by 72?
67
Calculate the remainder when 7789204 is divided by 74.
38
What is the remainder when 1102092 is divided by 8?
4
What is the remainder when 157140 is divided by 39282?
12
Calculate the remainder when 451866 is divided by 1542.
60
Calculate the remainder when 101141 is divided by 320.
21
What is the remainder when 1256605 is divided by 3214?
3145
Calculate the remainder when 7734021 is divided by 859334.
15
Calculate the remainder when 67408 is divided by 133.
110
What is the remainder when 48243742 is divided by 37?
34
Calculate the remainder when 80935775 is divided by 27.
8
What is the remainder when 528383 is divided by 528371?
12
Calculate the remainder when 19684 is divided by 9822.
40
Calculate the remainder when 2979279 is divided by 93.
24
What is the remainder when 181746 is divided by 18?
0
Calculate the remainder when 165006 is divided by 574.
268
Calculate the remainder when 5997898 is divided by 1999267.
97
What is the remainder when 2402778 is divided by 62?
30
Calculate the remainder when 2295167 is divided by 10432.
127
What is the remainder when 11043002 is divided by 1840487?
80
Calculate the remainder when 1129630 is divided by 17.
14
What is the remainder when 20931 is divided by 18?
15
What is the remainder when 3882223 is divided by 1294073?
4
What is the remainder when 24575299 is divided by 1992?
1987
Calculate the remainder when 9483375 is divided by 165.
0
Calculate the remainder when 408776 is divided by 24024.
368
Calculate the remainder when 420854 is divided by 632.
574
What is the remainder when 5379788 is divided by 5424?
4604
What is the remainder when 3941621 is divided by 1313863?
32
What is the remainder when 3586 is divided by 25?
11
What is the remainder when 60929 is divided by 717?
701
Calculate the remainder when 19358 is divided by 3868.
18
What is the remainder when 1514765 is divided by 2060?
665
Calculate the remainder when 124547 is divided by 21.
17
Calculate the remainder when 732620 is divided by 41.
32
What is the remainder when 39564 is divided by 19336?
892
Calculate the remainder when 3159347 is divided by 1579636.
75
Calculate the remainder when 288065 is divided by 9602.
5
Calculate the remainder when 1080495 is divided by 6510.
6345
Calculate the remainder when 100356996 is divided by 1077.
1059
Calculate the remainder when 5133129 is divided by 95.
89
What is the remainder when 413199975 is divided by 27?
21
What is the remainder when 1286460 is divided by 13127?
14
What is the remainder when 151783443 is divided by 74?
45
Calculate the remainder when 15484887 is divided by 184.
183
Calculate the remainder when 197698 is divided by 4571.
1145
What is the remainder when 30046 is divided by 82?
34
What is the remainder when 337820 is divided by 184?
180
What is the remainder when 6392735 is divided by 59?
26
Calculate the remainder when 12290804 is divided by 21792.
116
Calculate the remainder when 647409 is divided by 886.
629
What is the remainder when 267259 is divided by 74?
45
What is the remainder when 241764 is divided by 112?
68
Calculate the remainder when 91097 is divided by 45167.
763
What is the remainder when 75753 is divided by 6811?
832
What is the remainder when 1975228 is divided by 1054?
32
Calculate the remainder when 1178496 is divided by 235686.
66
Calculate the remainder when 3292 is divided by 81.
52
What is the remainder when 532172 is divided by 588?
32
Calculate the remainder when 471770 is divided by 23588.
10
Calculate the remainder when 3397850 is divided by 4390.
4380
Calculate the remainder when 29971 is divided by 23819.
6152
Calculate the remainder when 60355624 is divided by 727176.
16
What is the remainder when 1054057 is divided by 1000?
57
Calculate the remainder when 274743 is divided by 286.
183
What is the remainder when 664978 is divided by 4344?
346
Calculate the remainder when 177005 is divided by 44150.
405
Calculate the remainder when 953073 is divided by 16398.
1989
What is the remainder when 269797 is divided by 490?
297
What is the remainder when 10925856 is divided by 6446?
6332
Calculate the remainder when 4145110 is divided by 86.
82
What is the remainder when 4176639 is divided by 719?
687
What is the remainder when 405995 is divided by 21206?
3081
What is the remainder when 580024 is divided by 1507?
1336
What is the remainder when 1079436 is divided by 1402?
1298
What is the remainder when 13342186 is divided by 13342177?
9
Calculate the remainder when 122048 is divided by 1397.
509
Calculate the remainder when 6941116 is divided by 1191.
1159
What is the remainder when 324846 is divided by 6951?
5100
What is the remainder when 27487377 is divided by 3963?
9
What is the remainder when 507430 is divided by 351?
235
Calculate the remainder when 3411 is divided by 896.
723
What 